u + 3231 = -7*u. Suppose -8 = 4*j, 3*j + 4426 = 3*s + q. What is the thousands digit of s?
1
Let t(p) = 859*p**2 - 149*p + 1117. What is the ten thousands digit of t(8)?
5
Let w(s) = s + 4. Let h be w(-4). Suppose h = -7*o + 16*o - 1314. What is the units digit of o?
6
Let y(l) = -5*l + 187 - 10*l**2 - 208 - 4*l + l**3. Let m be y(11). Let p(s) = 59*s**3 + s**2 - 1. What is the units digit of p(m)?
9
Let x = -4499 + 16115. Suppose x = i + 10*i. What is the thousands digit of i?
1
Let a(c) = -10*c - 66. Let u be a(3). Let y = 175 + u. What is the tens digit of y?
7
Suppose 106*k - 52693 - 390795 - 26622 = 0. What is the units digit of k?
5
Suppose -25*y = -2*s - 23*y + 424, 3*s + 4*y = 664. Let k = 285 + -399. Let u = s + k. What is the units digit of u?
2
Suppose 0*a + 2*a - 142 = 4*i, -80 = -a - i. Suppose 5*t - 4*v + 7 + 8 = 0, 5*v = 5*t + 20. What is the tens digit of a*t + (-1 - -4)?
8
Let d = -28 + 351. Let r = -82 + d. What is the tens digit of r?
4
What is the hundreds digit of 406/(-1015)*93775/(-2)?
7
Suppose -29685 = -3*c + 4*l, 42*c = 44*c - l - 19780. What is the units digit of c?
7
Let y = -70 - -69. Let t be (-88)/(-55)*(-11 - y). Let n = 59 + t. What is the tens digit of n?
4
Suppose 2*w + 11*v - 8*v = 28090, -3*v + 42129 = 3*w. What is the tens digit of w?
3
Suppose -7476 = -3*m - 5*g, -21*m - g + 12460 = -16*m. What is the hundreds digit of m?
4
Suppose 0 = 5*t + 20, -3*m - 1964 = 2*t + 423. Let y = 391 - m. What is the tens digit of y?
8
Suppose -5*z + 1 = -2*t, 2*z + 2 - 4 = 0. Suppose -k + 5*w - 4825 = -6*k, -t*k = -4*w - 1900. What is the hundreds digit of k?
9
Let r(g) = -g**3 - 5*g**2 + 17*g - 11. Let n = 7 - 15. Let y be r(n). Suppose -200 = 41*l - y*l. What is the units digit of l?
0
Suppose 4*t + 5*t = 0. Let k(g) = -14*g + 3 + t*g**2 + 3*g**2 + 20*g. What is the units digit of k(-5)?
8
Suppose -b + 5*c + 2021 = -66, 2*b + 3*c = 4135. What is the hundreds digit of 6 - b/(-6) - 2/6?
3
Let c = 1187 - 409. Suppose 130 = -4*u + c. What is the units digit of u?
2
Let i(b) be the third derivative of b**5/15 - b**4/8 + 5*b**3/2 - 80*b**2. What is the hundreds digit of i(7)?
1
Let w(n) be the first derivative of 29*n**2/2 - 31*n - 24. Let z be w(4). Let s = z - -28. What is the units digit of s?
3
Let l = 122 - -194. What is the tens digit of l?
1
Let c = -450 + 11271. What is the thousands digit of c?
0
Let s be (-30)/(-6) - (-2)/(12/30). What is the hundreds digit of 4/(-40) - (-2941)/s?
2
Suppose 3*a = 2*g - 10078, -4*g + 2220 - 8928 = 2*a. What is the tens digit of 80/(-520) + a/(-26)?
2
Let c(n) = -12*n**2 - 4*n - 2. Let r be 4 + -3 + 8/(-6)*3. Let u be c(r). What is the units digit of (5 + -4)/((-2)/u)?
9
Let p = -1 - 2. Let b be -280 - p/6*18/(-3). Let j = -153 - b. What is the units digit of j?
0
Suppose -4*x = k - 2127 - 1449, 3*k = 2*x - 1774. What is the tens digit of x?
9
What is the tens digit of (-13 - 39198/(-12)) + 6/(-4)?
5
Suppose 4*d - 80 = 2*a, -d - 11 = -2*d + 5*a. Let g = 25 - d. Suppose -153 - 19 = -4*w + 4*f, g*w - 172 = 2*f. What is the units digit of w?
3
Suppose -4*o + 3*o + u = 299, -2*u + 899 = -3*o. Let x = o - -203. What is the units digit of -1 - (x/2 - -2)?
6
Let s be -2 + -16 + 6/(-2). Let g(k) be the first derivative of k**3/3 + 21*k**2/2 + 18*k + 5. What is the tens digit of g(s)?
1
Let z be ((-4)/(-8))/(3/12). Suppose -15*g = -14*g - z. What is the units digit of (g/(-3))/(11/(-363))?
2
Suppose -531 = -11*v - 36. Suppose -912 = -v*y + 42*y. What is the units digit of y?
4
Let v(h) = 28*h**2 + 3*h - 2. Let j be v(1). Let i = 33 - j. Let p = i + 6. What is the tens digit of p?
1
Let o(y) = 18*y**2 + 52*y - 204. What is the thousands digit of o(18)?
6
What is the hundreds digit of (3 + (-405)/36)*(-13)/((-234)/(-888))?
4
Suppose 4*x + 110 = 15*x. Suppose -x*i + 150 = -9*i. What is the tens digit of i?
5
Let p = 844 + 213. What is the tens digit of p?
5
Let b(a) = 12*a**3 - 21*a**2 + 16*a - 62. What is the thousands digit of b(10)?
9
Suppose -1394 = -2*x + f, 13*f - 15*f + 4 = 0. Suppose 2*p = 640 + x. What is the hundreds digit of p?
6
Let r(j) be the second derivative of -23*j**5/5 + j**2/2 + j + 20. What is the units digit of r(-1)?
3
Suppose 2*l = 5*x - 81, -2*x + 2*l + 42 = -2*l. Let y = -2932 - -2938. What is the units digit of x/(-45) - (-1238)/y?
6
Suppose 4*k + 140 = o + 3*o, -5*o + 155 = -k. Suppose -o = -2*q + 18. Suppose 195 = u - q. What is the tens digit of u?
1
Let v be (36/(-54) - (-2)/12)*-1090. Let i = 1098 - v. What is the units digit of i?
3
Suppose 2679373 - 9339088 = -159*n. What is the hundreds digit of n?
8
Let f(j) = -j**3 + 12*j**2 + 12*j - 10. Let l be f(12). Suppose 2*p = -2*o + 51 + 49, -3*o + 5*p = -l. Suppose -15*n + 13*n = -o. What is the tens digit of n?
2
Let f(c) = 78*c + 4. Let w be f(8). Suppose 4*l = 3*v - w, 0 = -v + l + 2*l + 216. Let u = -87 + v. What is the units digit of u?
7
Let m = 580 + -330. Let h = m - 54. What is the tens digit of h?
9
Suppose -179016 - 289989 = -57*y - 23664. What is the hundreds digit of y?
8
Let u = -694 + 4247. What is the hundreds digit of u?
5
Suppose -3*w - 2 = 2*d, 4*w = 3*w - 3*d + 4. Let y be 4 + -3 + (315 - w). Suppose -h + 245 = 2*h - 4*k, -k - y = -4*h. What is the units digit of h?
9
Let u = -326 - -479. Suppose 5*g + a = 265 - 14, 3*g + 3*a - u = 0. What is the units digit of (-3)/5 - (-5030)/g?
0
Let j(m) = -m**2 + 13*m - 98. Let o be j(29). Let x = o - -1154. What is the hundreds digit of x?
5
Let h = -21 + 31. Suppose -j + 2252 = 4*c, -2 = -3*j + h. What is the tens digit of c?
6
Let h(l) = l**2 - 9. Let n be h(-4). Suppose -6*s = 2*s - n*s. Suppose s = 2*q - 89 - 171. What is the hundreds digit of q?
1
Suppose 0 = 8*i + 16 - 56. Suppose -2*c = -i*x - 1097, 369 = -3*c + x + 2008. What is the tens digit of c?
4
Let w(p) = p**2 + 7*p + 8. Let f be w(-6). Suppose -2*h + f*o = -3*h + 12, 16 = h - 2*o. Let m(q) = -q + 22. What is the units digit of m(h)?
8
Suppose s - 5*s + 88 = -3*p, 5*p + 96 = 4*s. Suppose 6*z + s = 787. What is the tens digit of z?
2
Let u(k) = -44*k**2 - 7 + 48*k**2 - 3*k - 1 - k**3. Let o be u(4). What is the units digit of (-5)/o*4 + 1*51?
2
Let m = 55276 - 14419. What is the ten thousands digit of m?
4
Let c = -11 - -16. Suppose -2*r - 2*i + 3 = -5, 3*r - 17 = -2*i. Suppose -r*j = -c*j - 2*t - 198, j = -3*t + 60. What is the units digit of j?
1
Let i(q) = -13*q + 5 - 15 - q. Let z = -222 - -219. What is the tens digit of i(z)?
3
Let t(z) = -z**3 - 12*z**2 + 12*z - 5. Let d(y) = y**2 - y - 34. Let r be d(0). Let a = r - -21. What is the units digit of t(a)?
8
Let b = -63 + 50. Let v be b/(-2)*(-200)/(-10). Suppose 4*c - 262 = v. What is the units digit of c?
8
Suppose 3*v - 3*g - 23 = 2569, -2*v + 3*g + 1728 = 0. What is the units digit of v?
4
Let s(k) = 374*k - 370. What is the units digit of s(13)?
2
Let q(h) = -h**3 - 2*h**2 + 3*h - 4. Let j be q(-3). Suppose 242*w + 20 = 240*w. What is the tens digit of 5/(w/(-172)) - j?
9
Let i(p) = 25*p + 8. Let x be i(3). Suppose 2*d - x = 3*d. Let a = d + 119. What is the tens digit of a?
3
Suppose 83*b - 82*b = 10. Suppose -2*w = b, 2*j + w + 1715 = 5*j. What is the units digit of (2 - 10/6)*j/5?
8
What is the hundreds digit of (-219988)/(-8) - (180/24)/(-5)?
5
Let f be (3 - (-1 - (-5 - -1))) + 0. Suppose -10*b - 2387 = -4*h - 5*b, f = -2*h + b + 1189. What is the hundreds digit of h?
5
Let m = -28 - -30. Let y be (5 + -10)*500/m. What is the tens digit of 12/(-10)*y/75?
2
Let b(c) = 8*c**3 - 2 - 9*c**3 - 5*c - 2*c - 5 - 6*c**2. Let g be b(-5). Suppose 193 = -g*x + 4*x. What is the tens digit of x?
9
Let c(j) = 140 - 71 - 2*j**2 + 22*j + 5*j**2. What is the units digit of c(-18)?
5
Let m(f) = -495*f - 374. What is the hundreds digit of m(-19)?
0
Suppose r - 1661 = 254. Suppose -10810 + r = -15*i. What is the tens digit of i?
9
Let o = -103 + 545. Let t = o + 103. What is the tens digit of t?
4
Let p = 17982 + 8712. What is the ten thousands digit of p?
2
Let l = 119 + -163. What is the units digit of (-1 - (l/16 - 2))*48?
0
Suppose 5*o - 211*m - 44302 = -210*m, o + m = 8858. What is the tens digit of o?
6
Let i(u) be the first derivative of -13/2*u**2 - 1/3*u**3 + 13*u - 6. What is the units digit of i(-13)?
3
Suppose 0 = -3*d + 4*p + 48246, -4*